x - 1824 = -3*y. Calculate the highest common divisor of 64 and y.
32
Suppose -13*b - 446 + 1083 = 0. Suppose h + b = 51. Calculate the highest common factor of 13 and h.
1
Suppose -34564 = 13*t - 14*t + 4*h, 69093 = 2*t - 3*h. Calculate the highest common factor of t and 24.
24
Suppose 10*d + 7*d - 2261 = 0. Let m = 5 + 33. What is the greatest common factor of d and m?
19
Suppose -41*o = -39*o - 50. Let k be 15*o/(-15)*-2. What is the greatest common factor of 40 and k?
10
Let v = 6123 - 6116. Suppose -5 = -5*f - 5*x + 15, 4*f - 2*x - 22 = 0. Suppose -f*s + 7 = 2. Calculate the greatest common divisor of s and v.
1
Suppose 69 = 3*p + 3*d - 870, -4*p = -2*d - 1276. Suppose -p*h + 2660 = -307*h. Calculate the greatest common divisor of 14 and h.
14
Suppose 8*c - 3*o + 648 = 5*c, 5*c + 4*o + 1053 = 0. Let r = 239 + c. Calculate the highest common factor of 234 and r.
26
Let c be 240/(-680) - (-40635)/255. Calculate the greatest common divisor of 33 and c.
3
Let r be (3 + -2)/(-3)*-3 + 1167. Suppose -13*l = -r - 262. Let n(i) = -6*i + 2. Let h be n(-7). Calculate the highest common divisor of l and h.
22
Let n = -6953 - -7198. Calculate the highest common factor of n and 2.
1
Let w(a) be the third derivative of -a**6/30 - a**5/60 - a**4/6 - a**3/3 - 12*a**2 - 4. Let d be w(-2). Calculate the greatest common divisor of d and 442.
34
Let l be (1/2)/(11 + 1631336/(-148304)). What is the greatest common factor of l and 1196?
299
Let k(g) = g**3 - 21*g**2 - 30*g - 177. Let x be k(23). What is the greatest common factor of 20819 and x?
191
Let k(h) = h**2 + 16*h + 62. Let b be k(-10). Suppose b*i = 8, -i + 52 = 2*r - 0*i. What is the greatest common divisor of 18 and r?
6
Let d be ((-2)/9)/(42/(-189)) - -4. Let i(y) = y**2 - 15*y - 24. Let o be i(17). What is the highest common divisor of o and d?
5
Suppose -9*d + 14*d + 15 = 0. Let c be 2/d - (-350)/21. Suppose 7 = -9*n + 8*n - 3*t, -3 = t. What is the greatest common divisor of c and n?
2
Suppose -5*a + 123 = -412. Let x = a + -74. Let f = x - 17. Calculate the greatest common factor of f and 64.
16
Suppose -864 = -6*o - o + 102. Calculate the greatest common divisor of 529 and o.
23
Let s(c) = c**2 + 64*c - 374. Let j be s(35). What is the highest common factor of 22 and j?
11
Let c = -335 - -359. Let w be ((-6)/6*2)/((-4)/1038). Suppose 0 = 3*l - 3*u - w, 0 = l - 6*u + u - 193. Calculate the greatest common factor of c and l.
24
Let z = -810 + 1171. Suppose -z - 647 = -18*r. Calculate the highest common divisor of 28 and r.
28
Let r be -5 + 5 + 4 + -1 - -6. Let o be (3/9)/((-2)/(-12)). Suppose -o*x = -r - 37. Calculate the greatest common divisor of x and 23.
23
Let c(s) = 5*s - 23. Let z(u) = -u. Let a be z(-2). Suppose a*r - 40 = -10. Let k be c(r). What is the greatest common divisor of k and 130?
26
Suppose -h = 3*h - 272. Suppose 16 + 34 = 10*f. Suppose 8*t - f*t - 306 = 0. Calculate the greatest common divisor of t and h.
34
Let j(o) = -176*o - 539. Let u be j(-5). Suppose 0 = -5*c + r + 91 - 37, -r + 1 = 0. What is the greatest common factor of u and c?
11
Let w = 10717 + -248. What is the highest common factor of w and 29?
29
Suppose -f = -4*c + 2501, -2*f = 183*c - 185*c + 1252. Calculate the highest common divisor of c and 5.
5
Let n be (-12)/(-21) - ((-40589)/7 + -10). Calculate the greatest common factor of n and 37.
37
Suppose -5*h + 3*d - 508 = -1251, -h = -5*d - 153. Calculate the highest common factor of 518 and h.
74
Let n(p) = -10*p - 42. Let z(j) = -10*j - 41. Let u(l) = -5*n(l) + 6*z(l). Let y be u(-6). Calculate the greatest common factor of y and 168.
24
Suppose -9*d = 89*d - 16856. What is the highest common divisor of d and 1677?
43
Let y(x) = 335*x - 5655. Let c be y(21). Calculate the highest common factor of 12 and c.
12
Let h(f) = f - 11. Let o be h(11). Suppose o = 2*s + 2*s - 380. Suppose -2*j = -s - 17. What is the greatest common factor of j and 7?
7
Suppose -5*z - 211 - 3101 = -21002. Calculate the greatest common factor of 290 and z.
58
Let q(z) = 268*z**2 + 14*z + 31. Let h be q(-4). Calculate the highest common factor of 87 and h.
87
Let z be 3 - (-8)/((-8)/(-3)). Suppose -z*l + 0*l + 12 = 0. Suppose l*c + 9 = 3*c. Calculate the highest common factor of c and 63.
9
Let l(g) = -2*g**3 + 31*g**2 - 23*g + 26. Let m be l(15). Let s be (0 - 6)/12*m. Calculate the highest common factor of 1 and s.
1
Let f be (-4 - -2)*3/(15/10). Let w(n) = n**3 + 4*n**2 - 3*n - 8. Let q be w(f). Calculate the highest common factor of 12 and q.
4
Let t = -75 + 245. Suppose -3*x + t = 14*x. Calculate the highest common factor of 590 and x.
10
Let o be 56327/391 + (-7)/119. Calculate the greatest common divisor of o and 240.
48
Suppose -3*o + 86 = -232. Let c = 143 - 44. Let h = o - c. What is the highest common factor of h and 1?
1
Let g(f) = 2*f - 7. Suppose -19*u + 27*u - 176 = 0. Let m be g(u). Calculate the highest common divisor of m and 74.
37
Let i = 205 + 692. Suppose 19*k = 22*k - i. Let h = k + -147. Calculate the greatest common divisor of 8 and h.
8
Suppose n = -4*p + 169, 5*p = 11*n - 8*n - 405. Calculate the greatest common factor of n and 40.
5
Let m(q) = -q**3 + 6*q**2 - 12*q + 233. Let n be m(7). Suppose h - 1 - 5 = 0. Suppose 4*o = 94 + h. Calculate the highest common divisor of o and n.
25
Suppose 16 = 15*z - 14*z. Suppose -112 = 9*d - z*d. Calculate the greatest common factor of 144 and d.
16
Suppose 3*v - v = -4*t + 90, 0 = 5*t + 2*v - 113. Calculate the highest common divisor of t and 4094.
23
Let n(z) = -z**2 + 8*z - 7. Let l be n(6). Suppose 5*a = -2*a + 91. Suppose -a*o + 12*o = -5. Calculate the greatest common divisor of l and o.
5
Suppose 3*k - 29483 = -29171. What is the highest common factor of 3224 and k?
104
Suppose 644*t - 655*t = -14333. Let q = -853 + t. What is the highest common divisor of q and 54?
18
Suppose -5*o - 20*y + 25*y - 45 = 0, -5*o = 5*y + 5. Let f(x) = 66*x + 332. Let u be f(o). What is the greatest common divisor of u and 46?
2
Suppose -w + 44 - 28 = 0. Let f(o) = -5*o**3 + o**2 - 2*o. Suppose 3*p - p = -4. Let g be f(p). Calculate the greatest common divisor of g and w.
16
Suppose -476*a = -424*a - 19 - 33. Let u = -4 - -6. What is the highest common divisor of a and u?
1
Let d(k) = -240*k**2 + 237*k**2 + 7*k**3 + k - 3 + 3*k. Let q be d(3). Calculate the greatest common factor of q and 19.
19
Let x(o) = o**3 + 47*o**2 - 43*o + 366. Let d be x(-48). Calculate the greatest common divisor of 8652 and d.
42
Let o be 104/(-39) + 2/(-6). Let z be (o/5)/((-15)/(-20))*-125. Suppose 5*q - q - 105 = x, -95 = -3*q + 4*x. What is the highest common factor of z and q?
25
Let f(d) = 83*d**2 - 2*d + 4. Let z be f(1). What is the highest common divisor of 9214 and z?
17
Suppose 9443 = 3*t - 2998. Let m = -52 + 50. Let g be t/65 + m/(-10). What is the greatest common divisor of 16 and g?
16
Let j(r) = 4*r**3 + 80*r**2 + 19*r. Let c be j(-10). What is the highest common factor of c and 30?
30
Let b(m) = -5*m + 54. Let g be b(7). Let s be (2 + g)/7 + 0/1. Calculate the greatest common divisor of s and 24.
3
Let u(v) = 49*v + 1770. Let a be u(-35). What is the highest common factor of a and 23540?
55
Let y(a) = -3107*a**3 - 6*a**2 - 4*a. Let s be y(-1). What is the greatest common factor of s and 405?
135
Let t = -18004 - -18340. What is the greatest common factor of t and 4200?
168
Suppose 0 = -5*z - 5*r + 3*r + 450, -r = 4*z - 360. Suppose 3*v = 2*l - 33, 2*l = 6*l - v - 61. Let b = 25 - l. What is the greatest common divisor of b and z?
10
Suppose -5*k - 250 = -3*a, -4*k + 232 = 6*a - 3*a. Suppose 4*l - 796 = -b, -5*b - 187 + 567 = 2*l. Calculate the highest common divisor of l and a.
40
Let q(j) = 12*j + 183. Let t be q(-15). Suppose n - 406 = 3*o, -4*n - t*o = n - 1940. Calculate the highest common factor of 34 and n.
17
Let x be -1 + -2 - (-5)/((-25)/(-1890)). Suppose 4*b + s - 40 = 20, 0 = -4*s. What is the highest common factor of b and x?
15
Suppose 39 = -x + 4*x. Suppose 7*d - 5*d = -2*w + 64, 5*d = -3*w + 88. Let n = w - x. Calculate the greatest common divisor of n and 23.
23
Let f(b) = b - 45. Let x be f(56). Calculate the greatest common factor of 1991 and x.
11
Let p be -2*(-44)/8*8. What is the greatest common divisor of 3564 and p?
